remainder when 10618619 is divided by 149.
134
What is the remainder when 477234 is divided by 43375?
109
What is the remainder when 274850 is divided by 680?
130
What is the remainder when 101738843 is divided by 28?
3
What is the remainder when 594264339 is divided by 3635?
3634
Calculate the remainder when 16120268 is divided by 463.
460
What is the remainder when 23693 is divided by 2312?
573
Calculate the remainder when 4235480 is divided by 385042.
18
What is the remainder when 11264 is divided by 2806?
40
What is the remainder when 6102140 is divided by 510?
500
What is the remainder when 609010 is divided by 4992?
4978
What is the remainder when 367463 is divided by 2641?
364
What is the remainder when 1015910 is divided by 189?
35
What is the remainder when 8103030 is divided by 163?
137
What is the remainder when 23565919 is divided by 35173?
9
Calculate the remainder when 170144 is divided by 139.
8
What is the remainder when 495721 is divided by 99016?
641
What is the remainder when 235710535 is divided by 89?
87
Calculate the remainder when 24856 is divided by 957.
931
Calculate the remainder when 621301 is divided by 88731.
184
Calculate the remainder when 2656491 is divided by 700.
691
What is the remainder when 47829 is divided by 5?
4
What is the remainder when 348379 is divided by 49764?
31
What is the remainder when 407620 is divided by 4159?
38
What is the remainder when 2371383 is divided by 19598?
25
What is the remainder when 162135 is divided by 6460?
635
Calculate the remainder when 1485662 is divided by 135058.
24
Calculate the remainder when 511930370 is divided by 177.
173
Calculate the remainder when 2183559 is divided by 39697.
224
What is the remainder when 193651 is divided by 3356?
2359
What is the remainder when 200988 is divided by 4094?
382
Calculate the remainder when 27089830 is divided by 185.
95
Calculate the remainder when 5790972 is divided by 248.
172
What is the remainder when 9795062 is divided by 112?
102
Calculate the remainder when 24789 is divided by 12017.
755
What is the remainder when 6801313 is divided by 4?
1
Calculate the remainder when 1047440 is divided by 3054.
2972
What is the remainder when 450408 is divided by 2414?
1404
Calculate the remainder when 19834532 is divided by 35.
32
What is the remainder when 8101543 is divided by 473?
472
What is the remainder when 314984 is divided by 3539?
13
Calculate the remainder when 339226 is divided by 1443.
121
What is the remainder when 405465 is divided by 15?
0
Calculate the remainder when 19527122 is divided by 325452.
2
What is the remainder when 159733909 is divided by 121?
115
Calculate the remainder when 6896080 is divided by 3448040.
0
What is the remainder when 11218639 is divided by 843?
838
What is the remainder when 1157855 is divided by 25?
5
What is the remainder when 627761 is divided by 2501?
10
Calculate the remainder when 380620 is divided by 6.
4
What is the remainder when 239039 is divided by 31?
29
What is the remainder when 1675687 is divided by 92?
91
Calculate the remainder when 1385025 is divided by 64.
1
What is the remainder when 529449 is divided by 11?
8
What is the remainder when 7695511 is divided by 303?
220
Calculate the remainder when 1676142 is divided by 28.
6
What is the remainder when 2219705 is divided by 369943?
47
What is the remainder when 863505359 is divided by 6966?
6965
Calculate the remainder when 117890 is divided by 58598.
694
Calculate the remainder when 3809123 is divided by 2198.
2187
Calculate the remainder when 26878795 is divided by 581.
573
What is the remainder when 85006096 is divided by 47?
16
Calculate the remainder when 111736 is divided by 1169.
681
Calculate the remainder when 3352689 is divided by 2004.
2001
Calculate the remainder when 8290746 is divided by 188426.
2
Calculate the remainder when 1436059 is divided by 642.
547
What is the remainder when 99262902 is divided by 4135954?
6
Calculate the remainder when 6812394 is divided by 164.
162
What is the remainder when 318904 is divided by 301?
145
Calculate the remainder when 985557 is divided by 1708.
41
What is the remainder when 2057709 is divided by 2258?
671
What is the remainder when 244794 is divided by 512?
58
What is the remainder when 57960316 is divided by 14490079?
0
Calculate the remainder when 573771 is divided by 813.
606
What is the remainder when 2403948 is divided by 209?
30
What is the remainder when 2313177 is divided by 543?
540
What is the remainder when 19484764 is divided by 18?
16
Calculate the remainder when 172074668 is divided by 756.
752
What is the remainder when 15021798 is divided by 417272?
6
What is the remainder when 32194540 is divided by 10731510?
10
Calculate the remainder when 43648813 is divided by 242.
241
Calculate the remainder when 15608082 is divided by 98164.
6
Calculate the remainder when 1594002 is divided by 79699.
22
What is the remainder when 2113888 is divided by 51558?
10
What is the remainder when 40005729 is divided by 3257?
3255
Calculate the remainder when 710737 is divided by 1717.
1616
What is the remainder when 85607 is divided by 13486?
4691
What is the remainder when 251720 is divided by 887?
699
Calculate the remainder when 93627 is divided by 15244.
2163
Calculate the remainder when 132313 is divided by 18870.
223
Calculate the remainder when 5868348 is divided by 1173669.
3
What is the remainder when 30267 is divided by 8091?
5994
Calculate the remainder when 317551 is divided by 45312.
367
What is the remainder when 26946583 is divided by 1796437?
28
What is the remainder when 16957014 is divided by 112?
102
Calculate the remainder when 8440650 is divided by 2807.
1
What is the remainder when 12808661 is divided by 12808479?
182
What is the remainder when 76380 is divided by 38058?
264
What is the remainder when 6031769 is divided by 1049?
19
What is the remainder when 215673075 is divided by 4663?
4662
What is the remainder when 311669 is divided by 77898?
77
Calculate the remainder when 1252804 is divided by 27.
4
What is the remainder when 106075 is divided by 52447?
1181
What is the remainder when 5061997 is divided by 1687281?
154
What is the remainder when 146081 is divided by 72967?
147
Calculate the remainder when 502570 is divided by 124734.
3634
What is the remainder when 24715646 is divided by 21?
11
Calculate the remainder when 65897 is divided by 21952.
41
Calculate the remainder when 499629 is divided by 290.
249
Calculate the remainder when 1952195 is divided by 650717.
44
What is the remainder when 105810175 is divided by 7914?
7909
What is the remainder when 8601209 is divided by 9?
8
What is the remainder when 13454258 is divided by 1211?
48
Calculate the remainder when 42663 is divided by 2987.
845
Calculate the remainder when 780513 is divided by 4153.
3902
What is the remainder when 2609366 is divided by 521870?
16
Calculate the remainder when 14513200 is divided by 12.
4
Calculate the remainder when 4162918 is divided by 55.
23
What is the remainder when 1518012 is divided by 36133?
426
What is the remainder when 8078568 is divided by 19752?
0
What is the remainder when 210605197 is divided by 208?
205
What is the remainder when 51928164 is divided by 6491016?
36
What is the remainder when 1362411 is divided by 46?
29
Calculate the remainder when 8403315 is divided by 10801.
137
What is the remainder when 3864038 is divided by 6662?
78
What is the remainder when 259205 is divided by 3202?
3045
What is the remainder when 8553 is divided by 6604?
1949
What is the remainder when 164175 is divided by 81978?
219
What is the remainder when 10447833 is divided by 580435?
3
Calculate the remainder when 5260136 is divided by 81.
77
What is the remainder when 112233420 is divided by 14?
12
What is the remainder when 2900934 is divided by 73?
60
What is the remainder when 1279658 is divided by 67314?
692
Calculate the remainder when 245058 is divided by 243291.
1767
Calculate the remainder when 183769 is divided by 18365.
119
What is the remainder when 1517807 is divided by 149?
93
Calculate the remainder when 481572 is divided by 54.
0
Calculate the remainder when 10319067 is divided by 535.
522
Calculate the remainder when 23830 is divided by 5